Suppose -3*w = -5*c - 35, 5*c = -w - 2 + 7. Suppose 2*s - 16 = -2*f, 3 + w = s - 4*f. What is the units digit of s?
9
Let n = 11 - 5. Let h be (-94)/(-6) - n/9. What is the units digit of 4/10 + 114/h?
8
Let n(g) = -2*g**2 - 2*g + 1. Let s be n(-2). Let j be (s/(-3))/(-1) + 21. Suppose j = 2*u - 0*u. What is the units digit of u?
0
Let h = 63 + -59. What is the units digit of h?
4
Suppose -q + 5*q = 944. What is the units digit of q?
6
Let q = 78 - 46. What is the units digit of q?
2
What is the units digit of 5/(-2)*(-228)/15?
8
Suppose 3*j + 22 = 5*w, 15 = 5*j + w + 5. Let m be (j/2)/((-2)/(-156)). Suppose -2*f + f + 4*c - 6 = 0, 4*f = -5*c + m. What is the units digit of f?
6
Let l be 0 + (1 + 3 - -2). Suppose -h = -l + 1. Suppose -5*f + h + 15 = 0. What is the units digit of f?
4
Suppose 8 + 23 = 3*j + 5*s, -29 = -2*j - 5*s. Let g(u) = 4*u**j + 4*u + 4 - u**2 - 2*u**2. What is the units digit of g(-3)?
1
Suppose 5 + 0 = p. Suppose -3*x + 1 + p = 3*q, -2 = q. What is the units digit of x - 1/2*2?
3
Let i be ((-3)/6)/((-1)/(-6)). Let y = 7 + i. What is the units digit of y?
4
Let m = 4 - 4. Suppose r + 1 - 9 = m. Suppose 0 = 4*f - r - 4. What is the units digit of f?
3
Let u = 623 + -325. What is the tens digit of u?
9
Suppose 1214 = 7*m + 87. What is the units digit of m?
1
Let v = 9 + -6. What is the units digit of 2 + (-3 + 5 - v)?
1
Suppose 3*p - 4*g + 7 = 24, 2*p - 3*g - 11 = 0. What is the units digit of p?
7
Let q = 84 - 58. What is the units digit of q?
6
Suppose -2*y + 74 = -166. Suppose -5*i + 50 = 2*v - 17, 0 = -5*v - 3*i + y. What is the units digit of v?
1
Suppose -2*q = -3 + 25. What is the units digit of (-2)/(-11) - 86/q?
8
Let w = 62 - 44. What is the units digit of w?
8
Let k(y) = -58*y**3 + y**2 + 3*y + 2. What is the tens digit of k(-1)?
5
Let y(p) = 8*p**2 - 5*p - 2. Let x be y(-3). What is the units digit of 1/(-3) + x/3?
8
Let c(j) = -2*j - 3. Suppose -45 = -4*k - 13. Let o be c(k). Let a = o + 30. What is the tens digit of a?
1
What is the units digit of (-1)/4 + (-369)/(-4)?
2
Suppose 5*k = 5*y - 10, 1 - 3 = k. Suppose 3*x + y*x - 15 = 0. Suppose -4 + 19 = x*c. What is the units digit of c?
3
Let i = -30 + 0. What is the units digit of i/9*81/(-15)?
8
Suppose 2*m - 57 = -21. Let t be 3/(-6) - m/(-4). Suppose -t*k + 12 + 12 = 0. What is the units digit of k?
6
Suppose 0 = 2*q - 8, -2*t - t = -4*q - 17. Suppose 5*w + 2*a = -5, 0*w - w + 2*a = -t. What is the units digit of w/4 - (-46)/8?
6
Let t = -1 - -16. What is the tens digit of t?
1
Let h = 46 + -32. Let z = -5 + h. What is the units digit of z?
9
Suppose 2*n = 3*l + 27 - 429, l + 4*n - 148 = 0. What is the units digit of l?
6
Let z(k) = 2*k + 3. Let y(r) = r. Let b be 1 + 1 - (1 - 0). Let q(o) = b*y(o) - z(o). What is the units digit of q(-7)?
4
Let u(b) = b**2 - 2*b + 1. Let s be u(3). Suppose -s*y - 4 = -0. Let q = 6 + y. What is the units digit of q?
5
Let h(u) = 5 - 2*u - 2*u - 8 + u. What is the units digit of h(-11)?
0
Suppose 2*a = -2*a + 28. Suppose -4*p + a = -3*p. What is the units digit of p?
7
Let j(b) = -b**3 - 3*b**2 + 7*b + 1. Let t be j(-5). Suppose 3*i - t = -i. What is the units digit of i?
4
Suppose 5*o = 2*o + 15. Suppose b = -0*n + n + 9, 2*b - 38 = -3*n. Suppose 2*p = -x - x + 22, -o*x = -2*p - b. What is the units digit of p?
6
Let w = -1 + 6. Let p(q) be the third derivative of q**5/60 - q**4/8 - q**3 + 2*q**2. What is the units digit of p(w)?
4
Let l(y) = -y**2 - 5*y + 7. Let h(t) = -16*t - 2*t**2 + 3*t**2 + 7*t - 6. Let j be h(9). What is the units digit of l(j)?
1
Let d(a) = -15*a - 17. Let j be d(-5). Let f = -13 + j. What is the units digit of f?
5
Let s(a) = a - 12. Let t be s(7). Let g be 15*(0 - (-2)/t). What is the units digit of 4/g + 10/6?
1
Suppose 0 = r - 2*m - 119, -2*r + 3*m + 7 = -236. What is the units digit of r?
9
Suppose 99 = 3*d - 4*n, -7 = -3*d - n + 77. Suppose 0 = -2*q + r + d, -3*q + 41 = r - 3*r. What is the tens digit of q?
1
Let v = 10 + -8. Let c = 0 - -6. Let a = c + v. What is the units digit of a?
8
Suppose 0 = -5*j + s + 80, -5*j - 41 + 131 = -3*s. What is the units digit of j?
5
Let g = 3 + 4. Suppose -5*z + 73 + g = 0. What is the tens digit of z?
1
Suppose 8*g + 153 = 9*g. What is the hundreds digit of g?
1
Let p = -5 + -1. Let k = -1 - p. What is the units digit of k?
5
Suppose -j + 4 = -21. Suppose 4*k - j = 3*k. What is the units digit of k?
5
Let r(x) = x**2 + 5*x - 2. Let o be r(-6). Suppose 0 = -m - 2, 2*z - o*m - 26 = -0*m. What is the units digit of z?
9
Let j = 16 - 22. What is the units digit of 3/j*1*-8?
4
Let n(s) = -2*s - 7. What is the units digit of n(-10)?
3
Let a(g) = -g**2 + 7*g + 4. Let z be a(8). What is the units digit of -5*z/2 - -1?
1
Let h = 11 + -5. Let z = -5 + h. What is the units digit of z?
1
Let y = -3 + 3. Suppose y = -5*c + 3*c + 20. What is the tens digit of c?
1
Suppose -80 = 6*m - m. What is the units digit of (3*2)/((-12)/m)?
8
Suppose 5*k = 215 + 45. What is the tens digit of k?
5
Suppose 2*f = 3*v - 15, 7*v - 4*v - f - 18 = 0. Let j = v + -4. What is the units digit of j?
3
Let h(f) = f**3 - 20*f**2 + 2*f + 3. What is the tens digit of h(20)?
4
Let p(l) = -l**2 + 5*l + 8. Let j be p(6). Suppose 0 = -0*r - j*r + 4. What is the units digit of r?
2
Let p(b) be the third derivative of -b**5/60 - 3*b**4/8 - 5*b**3/6 + 3*b**2. What is the units digit of p(-6)?
3
Let i be (-26)/7 + (-38)/133. Let r(v) = -v - 6. Let a be r(-5). What is the units digit of (a - i)*5/3?
5
Suppose 2*r + 5*i = 34, 0*r + 16 = 4*r - 3*i. Let d(l) = -l**2 + 9*l - 4. What is the tens digit of d(r)?
1
Let k be (0 + -3)/3 - -4. Suppose 0 = -k*a + 4*z - 18, a - 6*a - z = 30. Let i(r) = -r. What is the units digit of i(a)?
6
Suppose 0 = 3*l - 2*i - 168, 0 = 5*l - 0*l - i - 287. What is the units digit of l?
8
Suppose 32 = -0*v + 4*v. What is the units digit of v?
8
Let i(n) = n**3 + 8*n**2 - 2*n - 12. Let h be i(-8). Suppose 5*b = -h*t + 1 + 44, 0 = 5*b - 4*t - 45. What is the units digit of b?
9
Let t(p) = 5*p - 1. Suppose -3*a + 0 = -2*n + 1, 3*n = 2*a + 9. Let o be t(n). Let l = -10 + o. What is the units digit of l?
4
Let a(p) = p**2 + 5*p. Let v(x) = x**2 + 3. Let t be v(3). Suppose 2*i + 0*i = -t. What is the units digit of a(i)?
6
Let o = 48 - 0. Suppose 2*n = -n + o. What is the tens digit of n?
1
Suppose -h + 1224 = 11*h. What is the units digit of h?
2
Let r be (2 + -3 - -2)*2. Suppose -q - 6 = -r*q. What is the units digit of q?
6
Suppose -24 + 84 = 5*k. What is the tens digit of k?
1
Let c = 5 - 5. Let d = c + 0. Suppose d*o - 40 = -4*o. What is the tens digit of o?
1
Suppose 5*g + 3*z = 25, -5*g + 4*g - 3*z = 7. Suppose 4*m - 40 = g. What is the tens digit of m?
1
Let p be 8/32 - (-21)/(-4). Let d(y) = -y**3 - 5*y**2 - 5*y - 7. What is the units digit of d(p)?
8
Let d(m) = -m**3 - 5*m**2 - m + 1. Let p be d(-5). Let o be -1 + (p - (-1)/1). What is the units digit of (10/o)/(1/3)?
5
Suppose 664 = 9*f - 5*f. Suppose 4*g + 134 = 3*o, o = 4*o + 4*g - f. What is the tens digit of o?
5
Suppose 0 = s + 2*y + 26, 0*s - 5*s - 142 = 4*y. What is the units digit of s/(-25)*(-15)/(-2)?
9
Let j = -12 - -28. Suppose -4*a = 5*v - 70, 3*v - 4*a - 58 + j = 0. What is the units digit of v?
4
Let b be 0*(-4)/(-12) - 21. Let k = -15 - b. What is the units digit of k?
6
Let i(r) = 2*r**3 - 4*r**2 - 5*r + 3. What is the units digit of i(4)?
7
Let v(u) = u**2 - 10*u + 40. What is the units digit of v(14)?
6
Suppose -3*z = 101 - 11. What is the tens digit of (z/25)/((-2)/35)?
2
Let m be 3/4 + (-4)/(-16). What is the tens digit of -2*m - 30*-1?
2
Let w(i) = -14*i - 1. What is the tens digit of w(-4)?
5
Let o = 130 - 70. What is the units digit of o?
0
Suppose 0 = -3*t - l + 680, t - 5*l + 66 = 282. What is the units digit of t?
6
Suppose y + 0*y = 0. Let w = 0 - -3. Let s = y + w. What is the units digit of s?
3
Suppose 0 = 3*z - 536 - 754. What is the units digit of z?
0
Let p = 1 - -4. Suppose m + 4*m + o - 6 = 0, p*o - 5 = 0. What is the units digit of m?
1
Let s = -7 - 31. Suppose 0 = 4*c + 2*j + 62 + 32, j = 2*c + 53. Let p = c - s. What is the units digit of p?
3
Suppose 3*h - 151 = -o, 5*o - 733 = -6*h + 2*h. What is the tens digit of o?
4
Let h(a) = a**3 + 11*a**2 + 5*a - 7. What is the units digit of h